?
4399
What is the remainder when 47516 is divided by 188?
140
What is the remainder when 1838683 is divided by 797?
4
What is the remainder when 2673900 is divided by 601?
51
Calculate the remainder when 10108052 is divided by 5053997.
58
Calculate the remainder when 1682148 is divided by 4698.
264
Calculate the remainder when 75568 is divided by 75090.
478
Calculate the remainder when 1588895 is divided by 1854.
17
What is the remainder when 196251 is divided by 3227?
2631
What is the remainder when 21365959 is divided by 22?
21
What is the remainder when 942965 is divided by 1669?
1649
Calculate the remainder when 61934103 is divided by 509.
1
What is the remainder when 584755 is divided by 2134?
39
Calculate the remainder when 11159538 is divided by 5579765.
8
Calculate the remainder when 6503 is divided by 662.
545
What is the remainder when 1835822 is divided by 4452?
1598
Calculate the remainder when 1626730 is divided by 131.
103
What is the remainder when 294585 is divided by 146641?
1303
Calculate the remainder when 224576123 is divided by 112288057.
9
Calculate the remainder when 173376 is divided by 172788.
588
Calculate the remainder when 100933 is divided by 18774.
7063
Calculate the remainder when 2786469 is divided by 5916.
33
What is the remainder when 106370 is divided by 345?
110
Calculate the remainder when 7343276 is divided by 21.
17
Calculate the remainder when 3527471 is divided by 15.
11
What is the remainder when 524267 is divided by 12?
11
Calculate the remainder when 7175320 is divided by 58.
24
Calculate the remainder when 42160 is divided by 10523.
68
Calculate the remainder when 28231779 is divided by 2.
1
What is the remainder when 3303732 is divided by 660659?
437
Calculate the remainder when 2020381 is divided by 3373.
3327
What is the remainder when 1009279 is divided by 336105?
964
What is the remainder when 599999 is divided by 5940?
59
What is the remainder when 3759571 is divided by 313297?
7
What is the remainder when 3812036 is divided by 2284?
40
Calculate the remainder when 43660611 is divided by 779.
777
What is the remainder when 92421 is divided by 46154?
113
What is the remainder when 37246 is divided by 37234?
12
Calculate the remainder when 695627801 is divided by 458.
455
What is the remainder when 79458417 is divided by 26486136?
9
Calculate the remainder when 2006641 is divided by 967.
116
Calculate the remainder when 1180217 is divided by 553.
115
Calculate the remainder when 4575417 is divided by 7999.
7988
What is the remainder when 1182902 is divided by 53?
48
What is the remainder when 1486783 is divided by 495589?
16
What is the remainder when 16949355 is divided by 17?
15
Calculate the remainder when 909183 is divided by 701.
687
What is the remainder when 155123095 is divided by 5494?
5
What is the remainder when 2553010 is divided by 396?
394
What is the remainder when 5094002 is divided by 41?
39
What is the remainder when 66429 is divided by 4665?
1119
Calculate the remainder when 5986247 is divided by 607.
13
Calculate the remainder when 14553983 is divided by 2079137.
24
Calculate the remainder when 1010243 is divided by 298.
23
What is the remainder when 534956 is divided by 82?
70
What is the remainder when 79601731 is divided by 2211159?
7
Calculate the remainder when 930196 is divided by 12570.
16
What is the remainder when 70089667 is divided by 698?
695
Calculate the remainder when 16261 is divided by 1253.
1225
Calculate the remainder when 10010 is divided by 55.
0
What is the remainder when 1291221 is divided by 322721?
337
Calculate the remainder when 48182 is divided by 15825.
707
Calculate the remainder when 604721 is divided by 200840.
2201
What is the remainder when 13833 is divided by 1951?
176
What is the remainder when 477575 is divided by 79474?
731
Calculate the remainder when 578888 is divided by 2140.
1088
Calculate the remainder when 179321 is divided by 1187.
84
What is the remainder when 842431 is divided by 694?
609
What is the remainder when 14925166 is divided by 108?
106
Calculate the remainder when 589228 is divided by 589222.
6
Calculate the remainder when 26119 is divided by 25411.
708
What is the remainder when 12023535 is divided by 283?
280
Calculate the remainder when 263515 is divided by 11561.
9173
Calculate the remainder when 888207 is divided by 882361.
5846
What is the remainder when 6195988 is divided by 693?
568
Calculate the remainder when 1961963 is divided by 4537.
1979
Calculate the remainder when 5736349 is divided by 2463.
22
What is the remainder when 4894 is divided by 34?
32
Calculate the remainder when 8267 is divided by 288.
203
What is the remainder when 9771539 is divided by 78172?
39
What is the remainder when 4507013 is divided by 4334?
3987
What is the remainder when 5800077 is divided by 390?
387
Calculate the remainder when 188878 is divided by 6255.
1228
What is the remainder when 475175 is divided by 649?
107
What is the remainder when 3789758 is divided by 30?
8
Calculate the remainder when 2144255 is divided by 16.
15
What is the remainder when 369224 is divided by 52348?
2788
Calculate the remainder when 8834642 is divided by 550.
542
Calculate the remainder when 118392139 is divided by 835.
829
Calculate the remainder when 12153229 is divided by 958.
41
What is the remainder when 2205960 is divided by 12317?
1217
Calculate the remainder when 21164486 is divided by 28.
14
Calculate the remainder when 16898 is divided by 3888.
1346
Calculate the remainder when 148213212 is divided by 146.
144
What is the remainder when 63663802 is divided by 85916?
46
What is the remainder when 958304 is divided by 3472?
32
What is the remainder when 297126 is divided by 99031?
33
Calculate the remainder when 71335640 is divided by 13.
12
Calculate the remainder when 15699 is divided by 20.
19
Calculate the remainder when 67410 is divided by 964.
894
What is the remainder when 16983510 is divided by 168?
54
What is the remainder when 7677946 is divided by 209?
122
What is the remainder when 82745 is divided by 81992?
753
Calculate the remainder when 418274 is divided by 826.
318
Calculate the remainder when 26393 is divided by 1827.
815
What is the remainder when 80706 is divided by 7336?
10
What is the remainder when 2925853 is divided by 1233?
1177
What is the remainder when 13657490 is divided by 70764?
38
What is the remainder when 72206887 is divided by 3?
1
Calculate the remainder when 31017068 is divided by 1051.
1007
Calculate the remainder when 1304271 is divided by 25082.
7
What is the remainder when 90551 is divided by 1528?
399
Calculate the remainder when 19481 is divided by 1326.
917
Calculate the remainder when 843548 is divided by 281168.
44
Calculate the remainder when 74614086 is divided by 1309019.
3
Calculate the remainder when 73512 is divided by 3259.
1814
What is the remainder when 12689140 is divided by 1078?
2
Calculate the remainder when 1331397 is divided by 189.
81
Calculate the remainder when 1246330 is divided by 449.
355
What is the remainder when 66292177 is divided by 4143261?
1
What is the remainder when 4776667 is divided by 842?
1
Calculate the remainder when 568505 is divided by 1109.
697
Calculate the remainder when 60233 is divided by 1021.
1015
What is the remainder when 383033 is divided by 303?
41
What is the remainder when 720093 is divided by 773?
430
What is the remainder when 35216 is divided by 2234?
1706
Calculate the remainder when 24901 is divided by 2233.
338
Calculate the remainder when 19338888 is divided by 394671.
9
Calculate the remainder when 627100 is divided by 16232.
10284
Calculate the remainder when 46992 is divided by 46651.
341
What is the remainder when 1529437 is divided by 158?
155
What is the remainder when 5095079 is divided by 389?
346
Calculate the remainder when 1091630 is divided by 545804.
22
What is the remainder when 677021 is divided by 37611?
23
Calculate the remainder when 125011 is divided by 425.
61
What is the remainder when 77603524 is divided by 2574?
2572
What is the remainder when 98161 is divided by 1593?
988
What is the remainder when 37975726 is divided by 96385?
36
What is the remainder when 2280200 is divided by 17814?
8
What is the remaind